 the units digit of w?
2
Let q = 13 + 9. Suppose q = 5*i - 58. What is the units digit of i?
6
Let z = 44 - -26. What is the tens digit of z?
7
Suppose -u - 3 + 5 = 0. Suppose 0 = u*z - z. Suppose -4*l + 4*v + 27 = -9, z = -4*l + 5*v + 35. What is the tens digit of l?
1
Suppose 30 = -0*w + 3*w. What is the units digit of w?
0
Let s be 0 + 10 + 6/3. Let c be 2/6 - 33/(-9). Suppose -c*h + s = -h. What is the units digit of h?
4
Let v = 5 - 3. What is the units digit of 0/(-5) - (-28)/v?
4
What is the tens digit of 2*((-54)/(-4))/3*7?
6
Let c be (-1 + -1)/((-14)/203). Let n = 41 - c. What is the units digit of n?
2
Suppose -11*q = -5*q - 516. What is the units digit of q?
6
Let m(l) = l + 1. Let x(k) = 3*k + 10. Let j(y) = -2*m(y) + x(y). Let f be j(-6). Suppose -17 = -f*o - 3. What is the units digit of o?
7
Suppose 436 = 20*o - 16*o. What is the tens digit of o?
0
Suppose -d + 215 = 4*d. Suppose 4*f + d = 111. What is the tens digit of f?
1
Suppose -2*h + o = -240, -478 = -4*h + 4*o - 3*o. What is the tens digit of h?
1
Let i = 5 + -15. Let h = 2 - i. Let p = 18 - h. What is the units digit of p?
6
Suppose 3*y - 918 = -174. What is the tens digit of y?
4
Let h be (-6)/(-15) - 48/(-5). Suppose h = u + 3. What is the units digit of u?
7
Let y = 195 + -72. What is the units digit of y?
3
Let c(k) = -k**3 + 10*k**2 + 3. What is the units digit of c(10)?
3
Let y(u) = u**2 - 2*u + 1. Let l be y(1). What is the units digit of 18 - (2 + (0 - l))?
6
Suppose h = 5*h - 668. What is the units digit of h?
7
Suppose -1 = 2*d - 7. What is the tens digit of (4/d)/((-2)/(-24))?
1
Let n = 352 - 220. What is the tens digit of n?
3
Let u be 2 - (1 + (-1 - 2)). Let z(l) = 4 - 2*l + 5*l + 5*l - u*l. What is the tens digit of z(4)?
2
Suppose 0 = v + 30 - 107. What is the units digit of v?
7
Let z = -3 + 5. What is the units digit of (-17)/(-4) + z/(-8)?
4
Let s(y) = -7*y + 11. Let k(m) = 3*m - 6. Let z(c) = -5*k(c) - 3*s(c). Let h be z(2). Let r = -5 + h. What is the units digit of r?
4
Let a(g) be the first derivative of -g**4/4 + 11*g**3/3 + g**2/2 - g + 1. What is the tens digit of a(11)?
1
Suppose 3*v + 51 = 2*j, j + j - 45 = v. Suppose q = 4*q - j. Let c = 0 + q. What is the units digit of c?
7
What is the tens digit of (-1)/3 - 133/(-3)?
4
Suppose 5*h - 13 - 8 = -2*q, -2*h + 6 = 2*q. Let f be (8/(-10))/((-4)/10). Suppose h*z = -3*r + 107, r - 46 = -f*z - r. What is the tens digit of z?
1
Let c(t) = -t**2 - 10*t + 42. Let o be c(-13). Let p be -2 + 20/(4 - 2). Let b = o + p. What is the tens digit of b?
1
What is the units digit of -10*(-3 - (-15)/6)?
5
Suppose 0 = 2*q - 7*q - 115. Let v = q - -35. What is the tens digit of v?
1
Let h = 284 - 177. What is the hundreds digit of h?
1
Let i(w) = -w**2 + 14*w + 6. What is the tens digit of i(7)?
5
Let d(l) = l**2 - 20*l - 98. What is the hundreds digit of d(33)?
3
Let h(t) = -27*t + 1. What is the units digit of h(-4)?
9
Let y be 4/(-10) + (-8)/5. What is the units digit of ((-4)/(-3))/(y/(-6))?
4
Let s be (3*2)/(0 - -2). Suppose -3*t + z - 3 = 0, -6 = 2*t + s*z - 5*z. Suppose 3*b - 9 - 15 = t. What is the units digit of b?
8
Let s = -29 + 41. Let t = s - -6. What is the units digit of t?
8
Suppose 44*p = 37*p + 1799. What is the hundreds digit of p?
2
Suppose -4 = 2*c, a - 2*c = -c + 204. What is the tens digit of a?
0
Let m(q) = -7*q + 9. Let j(y) = -13*y + 17. Suppose -5*r - t = -55, -55 = r - 6*r - 5*t. Let w(h) = r*m(h) - 6*j(h). What is the units digit of w(7)?
4
Suppose -4*n = -2*a - 6, n = -0*a + a + 1. What is the units digit of -1*(-2 + -1 + a)?
2
Suppose -5*a = -3*k + 43 + 41, 60 = 3*k + 3*a. Suppose -5*v - n + k = 0, -4*v - 6*n + 2*n = -28. What is the units digit of v?
4
Let k(p) = p**3 - 6*p**2 + 5*p + 2. Let q be k(6). Let c = -13 + q. What is the units digit of c?
9
Suppose -3*f + 6 + 6 = 0. Let l = 7 - f. Suppose 4*j = -4*p + 12, 2*p - 17 = -2*p - l*j. What is the units digit of p?
8
Let l(t) = 42*t - 18. What is the hundreds digit of l(4)?
1
Suppose t - 40 = -3*t. Suppose -4*z = z - t. Suppose -3 = -z*i + 1. What is the units digit of i?
2
Let c(a) be the first derivative of -4*a**2 - 5*a - 4. What is the tens digit of c(-4)?
2
Let c(d) = -4*d + 10. Let v be c(-5). What is the units digit of 144/v - 2/(-10)?
5
What is the units digit of 7/(28/80) - 3?
7
Suppose 0 = 3*a - a. Let y(d) = -d + 2. What is the units digit of y(a)?
2
Suppose -3*m + 10 - 1 = -2*r, -5*m + 17 = -4*r. What is the units digit of 0 + -1 + m + 24?
4
Let b = -9 - 1. Let d = 33 + b. What is the units digit of d?
3
Let d(y) = y - 2. Let s be d(2). Suppose s = -p + 9. What is the units digit of p?
9
Suppose -2*v = -c + 4*c - 202, -258 = -4*c + 3*v. What is the tens digit of c?
6
What is the tens digit of 438/(-8)*4/6*-2?
7
What is the units digit of (-7)/(-3) - 2/(-3)?
3
What is the units digit of 2*1/4*2?
1
Let b(q) = -q**2 + 6*q + 5. Let c be b(6). Suppose 2*h = -2, c*h - 3 = -p + 6. Let x = p - -1. What is the units digit of x?
5
Suppose -5*t - 2*j = -10, 0*t - 3*j - 6 = -3*t. Suppose 5*c = t*c + 57. What is the tens digit of c?
1
Let f(i) = 2*i + 36. Let b be f(0). Let g = b + -11. What is the tens digit of g?
2
Suppose 0*r + 29 = 4*g - 3*r, 0 = -3*g + 3*r + 24. Suppose 0 = 5*l, -g*l = -i + 5 - 0. What is the units digit of i?
5
Suppose -3*n + 63 = -153. What is the units digit of n?
2
Let f(z) = z**3 - 17*z**2 - 20*z + 24. Let t be f(18). What is the units digit of (-174)/(-9)*(-18)/t?
9
What is the tens digit of (-48)/(-2) + 0/2?
2
Suppose 3*x - 43 = 77. Suppose 0 = 4*u + u - x. What is the units digit of u?
8
Let c = -107 - -73. Let l(k) = -3*k**2 + k. Let u be l(1). What is the tens digit of c/(-3) - u/3?
1
Suppose -2*z + 42 = -3*y, 3*z = -y + 39 + 2. What is the units digit of z?
5
Let y = -5 + 3. Let z be 5/y*40/(-25). Suppose z*l - 24 - 28 = 0. What is the tens digit of l?
1
Let w = 211 + -35. What is the units digit of w?
6
Let g(w) = 51*w + 4. What is the units digit of g(7)?
1
Let i = 70 - -12. What is the units digit of i?
2
What is the units digit of (-275)/(-30) - (-3)/(-18)?
9
Let w = -2 - -5. Suppose 4*r - 8 = w*r. What is the units digit of r?
8
Let g = -110 - -281. What is the units digit of g?
1
Suppose -3*k + 260 = u - 183, -2*u = -4. What is the units digit of k?
7
Let b(w) = 11*w + 1. Let t be b(4). Let f(c) = c**3 - 5*c**2 + 4. Let m be f(5). Suppose 9 = -m*a + t. What is the units digit of a?
9
Suppose 11*g - 15*g = -596. What is the units digit of g?
9
Suppose 0 = 4*c - 0 - 8. What is the units digit of c?
2
Let d(m) = 2*m - 8. Let s be d(9). Suppose -u + 0*u - 5*q + 36 = 0, 4*q = 2*u - 16. Let r = u - s. What is the units digit of r?
6
Suppose 0 = i + 2*i - 6. Suppose -j = -15 + 5. What is the units digit of j/2*i/5?
2
Suppose 0 = 4*g - 60 - 20. What is the tens digit of g?
2
Let s(n) = -2*n - 2. Suppose 1 = 2*d + 9. Let h = d - -2. What is the units digit of s(h)?
2
Let l(q) = -q**3 - q**2 - q + 1. Let f be l(0). Let s = 6 - 4. What is the units digit of (f - 0)*(s - 1)?
1
Let s(a) = -a**2 - 6*a - 1. Suppose -5*z + 15 = -4*w, z = -2*w - 2*w - 21. What is the units digit of s(w)?
4
Let b = -80 - -39. Let z = b - -62. What is the tens digit of z?
2
Let n = -34 - -19. What is the tens digit of (n/(-1))/((-6)/(-8))?
2
Suppose -3*m + 5*d = 74, -3*d = -4*m - 93 - 24. Let h(i) = -i**3 + 3*i - 3. Let l be h(-4). Let j = l + m. What is the units digit of j?
6
Let f = 1 - -1. Suppose 2*g - g - 10 = 0. Let c = g - f. What is the units digit of c?
8
Let l(h) = -h**3 - 4*h**2 + 8*h - 10. Let i be l(-7). Let k = i - 117. What is the tens digit of (-424)/k + (-6)/(-27)?
1
What is the units digit of (-6)/5*(-10)/4?
3
Let p be (2/(-3))/(4/(-6)). Let x(r) = 3*r**3 - r**2 + r - 1. What is the units digit of x(p)?
2
What is the tens digit of (10 - 5) + 36 + 3/3?
4
Let k = 124 - 72. Suppose 4*a = -4*g + 6*g - k, 2*g - 52 = -5*a. What is the tens digit of g?
2
Suppose -3*w = 1 + 2. What is the tens digit of w/(-2)*1*24?
1
Let d(x) = x**2 - 5*x - 8. Let s = 20 + -12. Let w be d(s). Let z = w - 1. What is the tens digit of z?
1
Suppose 4*q = -5*b + 16, -5*b = q - 2 + 13. Let v be 4/(-14) + (-19)/7. Let h = q + v. What is the units digit of h?
6
Suppose 0*r - 3 = -r. Suppose -r*s = s + 16. What is the units digit of (8/10)